 is the value of 2 + -9 + 2 + 7 + 4?
6
What is the value of -4 + -3 + 2 + 0?
-5
What is the value of -3 - -1 - (-42 + 32)?
8
Evaluate -4 - (-6 + 1 + (4 - 1)).
-2
Evaluate -1 - 0 - (-23 + 20).
2
3 + (-4 + 2 - 6)
-5
What is the value of (6 - 10 - -9) + -9?
-4
Evaluate -6 - (-9 - -7 - -11 - 6).
-9
What is 1 - (10 - (5 - (3 - 4)))?
-3
Calculate (-3 - -8 - 4) + (-3 - -1).
-1
What is the value of 3 - (1 + 0 + (-2 - 1))?
5
Calculate (-2 - 0 - 1) + -49 + 45.
-7
What is the value of -2 + (-2 - 1 - -4)?
-1
What is 6 - (-11 - (14 + -37))?
-6
Calculate 6 - 7 - (2 - (10 - 2)).
5
Evaluate 0 - (4 + -1 - -1).
-4
What is -12 - -7 - -3 - -5?
3
Calculate (0 - 1) + 26 + -25.
0
What is (3 + 2 - 7) + 5?
3
Calculate 1 - (-19 + 19 + (0 - 2)).
3
What is the value of 1 - (-2 + 2 + 1)?
0
What is 11 + (-8 - -9) + -5?
7
0 + 0 + -78 + 82
4
What is the value of 0 + (2 - 0) - (26 - 23)?
-1
What is the value of 1 + 0 + (-16 - -14)?
-1
What is the value of 32 - 37 - (-3 - 1 - 0)?
-1
(2 - (5 - -2)) + -1 + 5
-1
Calculate 6 + (-14 - -16) + -6 + 0.
2
Calculate 105 - 110 - (-2 - -4 - 12).
5
Calculate -4 + 0 + 13 + -4.
5
6 - ((8 - 6) + -1)
5
What is the value of (0 - 5) + (-1 - -8)?
2
Evaluate (6 - 7) + (24 - 24).
-1
10 + -10 + 12 - 17
-5
0 - -7 - (13 + -7)
1
Evaluate 5 + -1 + (-6 - 0 - 2).
-4
What is 4 + 2 - (-104 - -104)?
6
What is the value of 3 + -2 + (-4 - 4 - -3)?
-4
Calculate (3 - (-3 - -6)) + 0.
0
What is (-2 - -9) + -6 - -5?
6
13 + 3 + -5 + 1 + -8
4
-2 + (15 - 4) - (1 - -2)
6
What is 0 + 3 + 1 + -2?
2
What is the value of -1 - 11 - -16 - 2?
2
Calculate 7 + -1 - (-6 - -29) - -8.
-9
What is the value of 3 + -2 + (-4 - -9 - 13)?
-7
-1 + 12 - (21 + -15)
5
What is -5 + 5 + (-1 - -2) - -3?
4
What is -24 - -23 - (-6 + -1)?
6
What is the value of 10 + -4 - (-10 + 15)?
1
Calculate 13 - (11 + -4 - -4 - 4).
6
Evaluate 3 - -3 - (-15 - -21).
0
-13 + 6 + 5 + (0 - 1)
-3
42 + -35 + (-1 - 3)
3
What is 6 + 0 - 5 - 0?
1
What is (1 + 2 + -7 - 0) + 4?
0
Calculate -7 + 8 - -6 - 4.
3
((7 - 3) + -13 - -5) + 5
1
Calculate 8 - (5 + 2 + 1 + -4).
4
What is the value of -5 - -4 - (-1 + -2 + 1)?
1
Calculate (5 - 3 - 2) + -1 + -4.
-5
What is the value of -5 + 12 + -1 - 5?
1
Evaluate 13 - 7 - 2 - (4 - 0).
0
Calculate (11 - (7 + (-9 - -5))) + -2.
6
Calculate 5 + (-6 - -1) + 0.
0
What is 6 - (-6 + 18 + -7)?
1
What is -12 + (8 - (3 + -9))?
2
Evaluate (-172 - -172) + (2 - (0 - -1)).
1
What is the value of 2 + 0 + (-2 - 2)?
-2
What is the value of 1 + -2 - (-8 + 35 + -28)?
0
Evaluate 19 + -17 - (-2 + 9).
-5
Calculate 25 + -18 + (-16 + 2 - -1).
-6
What is the value of 2 + 1 + 7 - (6 + -1)?
5
Calculate 18 + -16 + 2 + 3 + -2.
5
What is (-2 - -7 - 4) + 7 + -4?
4
3 - (-7 + 9) - (-1 - -8)
-6
Evaluate 0 - (-1 - (0 + 2) - 1).
4
Calculate 1 + 0 + (1 - 2).
0
(2 - (-3 + 5 - 3)) + 1
4
What is the value of 3 - (-1 - (8 - 5))?
7
What is (0 + -7 - -5 - 1) + -6?
-9
-1 + 1 - 0 - 2
-2
What is the value of -8 + 6 + 0 + 8?
6
What is the value of (-7 - (1 + -2)) + (3 - 0)?
-3
(-4 - 1 - -9) + -1 + 0
3
Calculate 8 + 1 + -7 + 2.
4
Calculate -5 + (6 - (-9 + 8)).
2
Calculate 1 + 0 + -2 - -3.
2
What is 2 + 4 - (3 + 6)?
-3
1 + (-2 - (-4 + 7)) - -4
0
What is the value of -3 + 2 + 2 + -4?
-3
What is (55 - 56) + (0 - -1) + -4?
-4
Evaluate 8 + -10 + 5 - (0 + 2).
1
(20 - 8) + -23 - -11
0
What is (2 - 5 - 1) + 8?
4
What is -5 + -7 + 16 + 2?
6
What is (1 - 8) + (55 - 55)?
-7
Calculate -7 + 3 + 9 + -1 + -9.
-5
Evaluate -4 + (2 - -4) + 2 + -3.
1
Evaluate (-3 - -1) + 20 + -20.
-2
Evaluate 4 + (10 - 7) + 2 + -9.
0
54 + -58 - (-2 + -1 - 1)
0
2 + 2 + 4 + -3 + -2
3
2 + -2 - (-10 - -7)
3
Calculate -26 + 24 + (-4 - -2 - 5).
-9
What is 1 + 5 + -3 + -1?
2
-7 - -29 - 8 - 9
5
Calculate 5 - 8 - (-1 - (0 - 0)).
-2
Evaluate (-1 - (-4 + (1 - 0))) + -6.
-4
What is the value of -2 + (4 - 2) + 1 + -2?
-1
2 - 3 - 6 - -4
-3
Calculate 1 + -4 + (-2 - 2 - -12).
5
Evaluate 4 - (7 - -2 - -1 - 4).
-2
Calculate 2 - (5 + -4) - -4.
5
Calculate -8 - (-26 + 22 + (6 - 1)).
-9
Evaluate -10 + (-2 - -3) + 5.
-4
Evaluate (1 - -1 - 2) + 5.
5
Evaluate -1 + 0 - (4 - (7 - -1)).
3
Evaluate -11 - -12 - (0 + 2) - -1.
0
9 + (0 - 10) + 0
-1
What is -4 + (-4 - 2) + 9?
-1
-1 - (4 + (-3 - 4)) - 7
-5
(1 - 3) + (-2 - (11 + -11))
-4
Calculate 13 + (-18 - -8) + 4.
7
Calculate -1 + (2 - (-4 + 4)).
1
What is the value of (1 - (-4 - -7)) + 0?
-2
What is the value of -3 - ((-2 + 2 - 2) + -6)?
5
What is (1 - 4) + (-14 - -13)?
-4
Evaluate 12 - 0 - (-2 - -7 - 0).
7
What is 3 - 3 - (3 - (6 + 0))?
3
What is -1 - 1 - -7 - 2?
3
What is the value of 5 - (-1 - (-8 + 9))?
7
6 + (0 - 2) - 8
-4
Evaluate -8 + (9 - (-1 - -4)).
-2
Evaluate 1 + -7 + 9 + 2.
5
What is the value of -2 - 0 - (-5 - 2)?
5
What is (3 - 0) + (5 + -1 - 10)?
-3
What is 1 - -1 - (-6 + 4 + 7)?
-3
What is -50 + 60 + (-1 - 7)?
2
Calculate -1 - (-5 + (1 - 2)).
5
(-7 + 4 - -1) + -3
-5
3 + -5 - (-8 + -2 + 4)
4
What is the value of 4 + 6 + -14 - (-11 - -2)?
5
Evaluate 2 - (-3 + 3 + 9).
-7
Evaluate 2 + -2 + -2 + 0.
-2
Evaluate 7 - (4 + 3 - 4).
4
What is 2 - (-7 - -1 - -5)?
3
Calculate (0 - (-1 + -6) - 14) + 11.
4
Evaluate -1 + 4 + 0 + (-5 - 2).
-4
Evaluate (8 + -11 - (4 - 8)) + 1.
2
Evaluate -24 + 16 + (0 - -1).
-7
What is the value of (1 + 2 - -3) + (3 - 8)?
1
114 - 111 - ((-1 - 1) + -1)
6
Calculate -3 - -5 - (-4 + 0 + 0).
6
What is the value of -6 - (5 + -18 + 7)?
0
What is the value of (0 - -1) + -3 - 3?
-5
Calculate 3 + -3 + -8 + 8.
0
Evaluate 1 + (5 - 4 - 2) - -3.
3
Calculate (4 - 10 - 0) + 4 + 0.
-2
Calculate (22 - 11) + -2 + -3.
6
Calculate 7 + 2 + (-21 - -9).
-3
Evaluate -4 - (4 - (5 + 2)) - 0.
-1
16 + -15 + (12 - (2 - -1))
10
Calculate -2 - (1 + -10 - 0).
7
Evaluate -1 + 6 + (-1 - (4 + -4)).
4
What is the value of -14 - ((-4 - -9) + -8)?
-11
Evaluate -4 - ((-6 - -2) + 5).
-5
Evaluate 0 + 0 + 7 + -2.
5
Evaluate (4 - 8) + 4 - 1.
-1
Evaluate -1 + 1 - (-9 - (-6 - 0)).
3
Evaluate 8 + -6 + 1 + -1.
2
What is the value of 1 + (6 - 2) + -5?
0
What is the value of -6 - (-1 + 0 + 6 - 4)?
-7
What is -4 - (-3 + 3 + 1)?
-5
What is the value of (-3 - 1) + 5 + 0?
1
What is -6 - (4 + -13 + (3 - -1))?
-1
What is the value of -11 - -2 - (-19 + 3)?
7
What is -7 - -3 - -4 - 1?
-1
Calculate (6 - 3) + -6 + 10 + -3.
4
Calculate (-1 - (0 + -1)) + 2.
2
Calculate 1 + ((1 - 9) + 2 - -4).
-1
What is the value of -3 - 4 - (4 + -6)?
-5
3 - (-3 - (-3 - 6))
-3
Calculate -3 - (0 - (10 + (4 - 6))).
5
Calculate -21 - -24 - (2 - 1).
2
Evaluate 4 - (4 - 4 - -4).
0
What is the value of -6 + -3 + (-31 - -38)?
-2
Calculate 3 + (0 - 4) + -3.
-4
Evaluate -4 - -1 - 3 - (-1 - 4).
-1
What is the value of -1 + (-7 - 3 - -9)?
-2
Evaluate 4 + 1 + -4 - 0.
1
What is the value of (5 - (10 + 1)) + 10?
4
Calculate 0 + 0 + 6 - (10 - 9).
5
Evaluate -2 + 13 + -7 + (-5 - 0).
-1
What is 2 + (1 + 3 + -4 - -1)?
3
Evaluate -10 + -1 - 0 - -6.
-5
Evaluate -7 - (-1 + 5 + -10).
-1
Calculate (2 - 1) + 3 + 1.
5
Calculate 1 - (5 - (-6 - -9)).
-1
Evaluate 7 + (-4 - -3) - 6.
0
Calculate -122 - -126 - (-1 + 11).
-6
Evaluate (10 - 1) + (1 - 7).
3
2 + -6 + 6 - -1
3
Evaluate -4 - (0 - -1 - (3 - -8)).
6
What is -2 - (-5 - (-9 + 5))?
-1
Evaluate -3 + 7 - (4 - (-1 + 4)).
3
What is the value of 4 + (-6 - (-5 - 5)) + -2?
6
Calculate 1 - (-6 + (-1 - (-1 - -1))).
8
What is the value of -4 + 2 + 2 + -3?
-3
What is the value of 1 + (6 - 7) + 0?
0
Calculate 3 - -3 - (-13 + 23).
-4
36 + -42 - (4 + -13)
3
Evaluate 3 + (-4 - -6) + -5.
0
What is the value of (4 + (-7 - -9) - -2) + -8?
0
Calculate (-11 - (-4 - -6 - 7)) + 7.
1
Evaluate 1 + -6 + -1 + 1 + 3.
-2
What is (6 - 7) + (-4 - 1) + 1?
-5
What is (-1 - (6 - 1)) + 2?
-4
What is the value of (9 - 9) + 1 - (-1 - 0)?
2
What is -3 - -12 - 7 - (-2 + 1)?
3
Evaluate 11 - 2 - 14 - (1 - 1).
-5
What is the value of 1 - 2 - -3 - (-117 - -126)?
-7
What is 24 + -27 - (-4 + 2)?
-1
What is the value of -19 - -16 - (-1 + 5)?
-7
56 + -50 - (-3 - -1)
8
Evaluate -2 - -1 - -4 - (-39 + 35).
7
What is 1 - (1 + 0 + -1 + 1)?
0
What is 8 - (9 + (-3 - 0))?
2
Evaluate -7 + 3 + (-2 - -4 - -2).
0
Evaluate (-8 - -2) + 1 - (-6 - -8).
-7
Evaluate (-2 - (-2 + 5 + 2)) + 3.
-4
Evaluate (-5 - (2 - -3)) + 13.
3
Calculate 5 - (1 - -1 - -6).
-3
What is the value of 2 + -15 + 10 + -4?
-7
Calculate -4 + 2 - -7 - (90 - 86).
1
Evaluate -4 - 1 - (1 + -2 + -2).
-2
Calculate (-7 - -19) + (-7 - 0).
5
What is 7 - (4 - 3)